
Is 50671 prime?
True
Is 634193 prime?
False
Is 1643 a prime number?
False
Is 42626 a composite number?
True
Is 16639 a composite number?
True
Is 85679 composite?
True
Is 362337 a prime number?
False
Is 1552417 prime?
True
Is 7093 a prime number?
False
Is 237 a composite number?
True
Is 655 prime?
False
Is 2749 a prime number?
True
Is 5333 a prime number?
True
Is 9083 a prime number?
False
Is 51281 composite?
True
Is 11057 composite?
False
Is 17291 composite?
False
Is 131799 composite?
True
Is 650179 a prime number?
True
Is 24971 a prime number?
True
Is 83987 prime?
True
Is 8263 a composite number?
False
Is 311359 a prime number?
True
Is 2333 a composite number?
False
Is 667 a prime number?
False
Is 438707 a composite number?
False
Is 92821 composite?
False
Is 1801 a prime number?
True
Is 50419 a composite number?
True
Is 36591 prime?
False
Is 3349 composite?
True
Is 1009 a prime number?
True
Is 6694 composite?
True
Is 114097 composite?
True
Is 312433 composite?
True
Is 3555419 composite?
True
Is 99703 prime?
False
Is 23143 a prime number?
True
Is 58397 composite?
True
Is 10081 a composite number?
True
Is 66169 a prime number?
True
Is 48337 prime?
True
Is 1602901 composite?
False
Is 33059 prime?
False
Is 566 a prime number?
False
Is 1231643 a composite number?
True
Is 49781 a prime number?
False
Is 869513 a composite number?
True
Is 15581 a composite number?
False
Is 4573 composite?
True
Is 3163 composite?
False
Is 13989 a composite number?
True
Is 422297 a prime number?
False
Is 18339 composite?
True
Is 4051003 prime?
False
Is 34415 a prime number?
False
Is 7061 a prime number?
False
Is 3459 composite?
True
Is 10427 a prime number?
True
Is 983 composite?
False
Is 9974 a prime number?
False
Is 53213 composite?
True
Is 6995 a composite number?
True
Is 54133 prime?
True
Is 190699 prime?
True
Is 3442 composite?
True
Is 70823 a composite number?
False
Is 10567 a composite number?
False
Is 456637 a prime number?
False
Is 25261 prime?
True
Is 7789 prime?
True
Is 124213 composite?
False
Is 77089 a composite number?
True
Is 293 a composite number?
False
Is 13463 a composite number?
False
Is 56879 a prime number?
False
Is 551879 a prime number?
False
Is 3977 prime?
False
Is 30757 composite?
False
Is 6598 composite?
True
Is 175979 prime?
True
Is 57163 composite?
False
Is 18737 a composite number?
True
Is 13499 composite?
False
Is 5347 composite?
False
Is 3177457 prime?
True
Is 163199 a composite number?
False
Is 29501 composite?
False
Is 8499 a prime number?
False
Is 40961 a composite number?
False
Is 440353 a composite number?
True
Is 3883 prime?
False
Is 13369 prime?
False
Is 340863 a composite number?
True
Is 287077 composite?
True
Is 6349 a prime number?
False
Is 178699 a composite number?
True
Is 17023 a composite number?
True
Is 9239 prime?
True
Is 48215 a composite number?
True
Is 193789 a prime number?
True
Is 1933927 prime?
True
Is 121093 prime?
False
Is 474965 prime?
False
Is 787 prime?
True
Is 7522 composite?
True
Is 9923 prime?
True
Is 69226 a composite number?
True
Is 273167 a composite number?
True
Is 257591 a composite number?
False
Is 256241 a prime number?
False
Is 102059 a prime number?
True
Is 15227 prime?
True
Is 550461 a composite number?
True
Is 5627 a prime number?
False
Is 27173 a prime number?
False
Is 5519 composite?
False
Is 178681 composite?
False
Is 74561 a prime number?
True
Is 1726787 a prime number?
True
Is 21247 a prime number?
True
Is 122723 composite?
True
Is 70619 composite?
False
Is 22901 prime?
True
Is 62791 prime?
True
Is 12603 prime?
False
Is 158699 a prime number?
True
Is 55157 a prime number?
False
Is 929719 prime?
False
Is 58187 a prime number?
False
Is 180871 prime?
True
Is 126719 a composite number?
False
Is 314 a composite number?
True
Is 141485 a composite number?
True
Is 36607 composite?
False
Is 211369 composite?
False
Is 10195 composite?
True
Is 9223 a composite number?
True
Is 8566 composite?
True
Is 36731 prime?
False
Is 51971 a prime number?
True
Is 8033 composite?
True
Is 22901 a composite number?
False
Is 22009 a prime number?
False
Is 88685 prime?
False
Is 73279 a prime number?
False
Is 15541 a prime number?
True
Is 2179 a prime number?
True
Is 25739 prime?
False
Is 216991 a prime number?
True
Is 4735 a prime number?
False
Is 62767 composite?
True
Is 3893 a prime number?
False
Is 5039 composite?
False
Is 3037 a composite number?
False
Is 62807 a composite number?
True
Is 22417 a composite number?
True
Is 16921 composite?
False
Is 486433 composite?
False
Is 1095043 a prime number?
True
Is 40659 a prime number?
False
Is 190873 a prime number?
False
Is 95773 prime?
True
Is 211391 a prime number?
False
Is 326773 a composite number?
False
Is 31043 composite?
True
Is 1591 prime?
False
Is 878 prime?
False
Is 7827 prime?
False
Is 951221 prime?
True
Is 3341 prime?
False
Is 39943 composite?
True
Is 1461227 prime?
False
Is 2652611 a composite number?
True
Is 2088623 prime?
True
Is 4421 a composite number?
False
Is 66419 a composite number?
True
Is 85759 a composite number?
True
Is 39971 composite?
False
Is 122939 a prime number?
True
Is 1471 composite?
False
Is 3041 a prime number?
True
Is 22409 prime?
True
Is 1120463 a prime number?
False
Is 320257 a prime number?
False
Is 12959 prime?
True
Is 49103 a prime number?
True
Is 13829 prime?
True
Is 17609 a composite number?
False
Is 135143 prime?
False
Is 21355 a composite number?
True
Is 3127 composite?
True
Is 29239 composite?
True
Is 128813 a prime number?
True
Is 50539 composite?
False
Is 467 composite?
False
Is 67387 prime?
False
Is 5597 a prime number?
False
Is 303049 composite?
False
Is 5069 composite?
True
Is 1639 prime?
False
Is 33883 a composite number?
True
Is 331783 composite?
True
Is 1901261 a prime number?
False
Is 1640249 composite?
True
Is 34901 a composite number?
True
Is 108457 composite?
False
Is 3967 a prime number?
True
Is 34511 prime?
True
Is 26233 prime?
False
Is 22177 prime?
False
Is 119539 prime?
False
Is 5189 composite?
False
Is 11743 prime?
True
Is 8347 a prime number?
False
Is 2722 a composite number?
True
Is 4487 composite?
True
Is 14369 composite?
False
Is 357263 composite?
False
Is 51215 prime?
False
Is 47453 prime?
False
Is 30777 a prime number?
False
Is 168193 a prime number?
True
Is 144299 prime?
True
Is 123434 a composite number?
True
Is 203333 composite?
True
Is 32869 composite?
False
Is 901 prime?
False
Is 62189 prime?
True
Is 64643 a composite number?
True
Is 21953 a composite number?
True
Is 25087 composite?
False
Is 163511 prime?
False
Is 1362327 composite?
True
Is 47954 a composite number?
True
Is 131609 prime?
False
Is 29117 a composite number?
True
Is 704987 a composite number?
True
Is 176909 composite?
True
Is 4055 a composite number?
True
Is 11901 a composite number?
True
Is 7711 a prime number?
False
Is 4421 prime?
True
Is 18353 a composite number?
False
Is 285787 a composite number?
True
Is 18673 prime?
False
Is 71159 composite?
True
Is 2279 composite?
True
Is 189263 a prime number?
False
Is 10259 composite?
False
Is 57 prime?
False
Is 13453 prime?
False
Is 35762 prime?
False
Is 8251 prime?
False
Is 265957 a composite number?
False
Is 236393 a prime number?
False
Is 673 prime?
True
Is 56143 a composite number?
True
Is 4589 a prime number?
False
Is 104365 a composite number?
True
Is 21421 prime?
False
Is 239401 prime?
False
Is 348149 prime?
True
Is 12185 a composite number?
True
Is 264013 composite?
False
Is 200137 a composite number?
True
Is 217207 composite?
False
Is 12293 composite?
True
Is 263201 composite?
False
Is 112471 composite?
True
Is 246119 prime?
True
Is 8623939 composite?
False
Is 11179 composite?
True
Is 30737 a prime number?
False
Is 48109 prime?
True
Is 17521 a composite number?
True
Is 801179 composite?
False
Is 16715 prime?
False
Is 174497 a composite number?
True
Is 3593 a composite number?
False
Is 37613 composite?
True
Is 1238899 a composite number?
True
Is 38393 composite?
False
Is 12185 composite?
True
Is 8999 composite?
False
Is 513601 composite?
True
Is 1732085 a composite number?
True
Is 19853 composite?
False
Is 27161 a prime number?
False
Is 914 prime?
False
Is 172934 a composite number?
True
Is 13315 prime?
False
Is 21247 a composite number?
False
Is 1867747 prime?
False
Is 10379 a p